= -4*y - 5. What is the units digit of j(-4)?
1
Suppose 2*y - 58 = 38. What is the units digit of y?
8
Suppose t - 7*t + 906 = 0. What is the hundreds digit of t?
1
Suppose 361 = 2*i + 3*k, -5*k + 78 = 3*i - 463. What is the tens digit of i?
8
Suppose -2880 = -23*y - y. What is the hundreds digit of y?
1
Let i be (-4)/6 - (-266)/21. What is the units digit of (-10 - 0)*(-6)/i?
5
Let w be 2*(-2)/4 - 9. Let y(a) = -5*a + 22. Let g(i) = -4*i + 22. Let f(l) = 6*g(l) - 5*y(l). What is the tens digit of f(w)?
1
Suppose -2*d - 5*u + 2*u - 7 = 0, 5*u + 21 = -d. Let n = d + -2. Suppose n*i - 21 = -1. What is the units digit of i?
0
Suppose 49 = 2*d + 3. What is the tens digit of d?
2
What is the units digit of 1*(27 - (-1 - 1))?
9
Let b be ((-6)/3)/((-1)/(-6)). Let r(y) = y**3 + 11*y**2 - 15*y - 15. What is the tens digit of r(b)?
2
What is the units digit of 28 + (-1)/2*-8?
2
Suppose -71 = -p - w, 2*p + 5*w - 141 = 4*w. What is the tens digit of p?
7
Let y(z) = -z + 37. Let o be y(0). Suppose -4*s - 9 + o = 0. What is the units digit of s?
7
Suppose -4*t = 16, -4*n + t + 56 = -0*n. Suppose 1 = 2*v - n. What is the units digit of v?
7
Suppose -3*k - 2*k = -m - 55, -3*k = -5*m - 55. Suppose 18 = 2*h - k. What is the units digit of h?
4
Suppose 9*b - 7*b - 204 = 0. What is the tens digit of b?
0
Let h(a) = 3*a**2 - a. Let v be h(-1). Suppose 15 = -v*u - u. Let n = 11 + u. What is the units digit of n?
8
Let n(s) = s**3 - 6*s**2 - 6*s - 1. Let v = -15 + 7. Let q = v - -15. What is the units digit of n(q)?
6
Suppose -18*w + 13*w + 1815 = 0. What is the units digit of w?
3
Let g be (-12)/3 + 3 + 53. What is the units digit of (1/(-2))/((-2)/g)?
3
Suppose -4 = 4*i, -i - 615 = -5*j + 4*i. What is the hundreds digit of j?
1
Let a(y) = -9*y + 22. What is the units digit of a(-11)?
1
Suppose 0 = -3*y - 5*c + 141, y = -y - 4*c + 96. Suppose -5*s + 33 = -y. What is the units digit of s?
5
Suppose 2*r + z - 3*z - 8 = 0, -r - 5*z = -10. What is the units digit of r*(-5)/(50/(-4))?
2
Let m(a) = -a + 2. Let b be m(2). Suppose b = -2*q, -4*q = 3*y + y - 48. What is the units digit of y?
2
Let f(m) = -m**2 - 7*m + 9. Let g be f(-8). Let v(k) = -2*k + 7*k - 2 + 1. What is the units digit of v(g)?
4
Let j = 226 + -132. What is the tens digit of j?
9
Suppose -10 - 26 = -4*u. What is the units digit of u?
9
Let i = -74 - -154. Suppose -2*h - 2*h + i = 5*b, -2*b + 3*h = -9. What is the units digit of b?
2
Let g be 18/12 + (-2)/4. Let i = 7 - g. Suppose -3*a + i = -a. What is the units digit of a?
3
Suppose 99 = 3*b - 18. Suppose 4*c - 32 = z + b, -66 = -3*c + 5*z. What is the tens digit of c?
1
Let w = 10 + 4. What is the units digit of 52/w + (-2)/(-7)?
4
Let b be (0/3 - -2) + -18. Let p = b + 33. What is the units digit of p?
7
Let a(l) = l**2 + 4*l - 3. Let g be 0*(1/2 - 1). Suppose -3*s - 2*h - 18 = 0, -2*s + g*h = 2*h + 12. What is the units digit of a(s)?
9
Suppose -6*i - 3*y + 348 = -3*i, 0 = -4*i - 2*y + 470. What is the tens digit of i?
1
Let v = -13 + 33. What is the tens digit of v?
2
What is the units digit of ((-81)/18)/((6/128)/(-1))?
6
Let i(h) = 0*h**2 + 1 + h**2 + 12*h + 11. What is the units digit of i(-11)?
1
Suppose -3*k + 6*k = 2*j - 67, 0 = j - 3*k - 29. What is the units digit of j?
8
Let q(i) = -24*i**3 - i**2 - 2*i - 6. What is the tens digit of q(-2)?
8
Let x = -2 + 6. Suppose -4*s + x + 2 = 3*k, k + 17 = 5*s. Suppose -s*c = -2*c - 3. What is the units digit of c?
3
Suppose 2*s + 4*s - 180 = 0. What is the units digit of s?
0
Suppose -6 = -4*y + 6. Let j be -3 + y + 0/1. What is the units digit of 0 - (j/(-1) + -5)?
5
Let r(a) = a**2 + 2*a - 21. What is the tens digit of r(9)?
7
Let q(s) = s**2 + 5*s - 3. Let i(o) = -o**3 - 13*o**2 + 2*o + 19. Let z be i(-13). What is the units digit of q(z)?
1
Suppose 96 = 4*x + 2*x. What is the units digit of x?
6
Let z = 5 + -3. Suppose -2*s - z*p = -4*s + 6, -4*p + 18 = s. What is the units digit of 2 + s*1/2?
5
Suppose -42*f - 14 = -44*f. What is the units digit of f?
7
Suppose -4*q - 5*g = -4*g - 42, 3*q + g = 32. What is the units digit of q?
0
Suppose -4*y - 47 = 2*q - 7, 4*q = -3*y - 20. Let f be 2/y - 103/(-6). What is the units digit of f/3 + 2/6?
6
Suppose -15 = 4*c - 3*b - 43, -c - 3*b = 8. Suppose 26 = 4*y + y - 3*o, c*y - 14 = -o. What is the units digit of y/(-14) - 116/(-14)?
8
Let x = -4 + 3. What is the units digit of 3/3 - (-1 - x)?
1
Let w(d) = 154*d**3 + 2*d**2 - d. What is the hundreds digit of w(1)?
1
Suppose -2*z + 4*z = -50. Let d = -9 - z. What is the units digit of d?
6
Suppose 0 = -0*k - 5*k + 10. Suppose -k*i + w + 9 = 0, 3*w = -5*i - 0*w + 28. What is the units digit of i?
5
Suppose 5*w = 1295 - 190. What is the hundreds digit of w?
2
Let u = -1 + 37. Suppose -8*s = -4*s - u. What is the units digit of s?
9
Suppose -15 = 2*y + y - 3*g, 3*y + 2*g + 10 = 0. Suppose -24 = -2*p + 6*p. Let z = y - p. What is the units digit of z?
2
Let f be 1/(0 + (-2)/(-18)). Suppose -4*a = -j - 5*a + f, 5*a + 15 = 5*j. Suppose 0 = -3*u + 2*u + j. What is the units digit of u?
6
Suppose -3*q - 1 = 2. Let p = q + 10. What is the units digit of p?
9
Let m(t) = 12*t - 7. What is the units digit of m(6)?
5
What is the units digit of 0 - -17 - (-1 + 4)?
4
Suppose 10 = -2*k - 4*n, -3*k - 2*n + 1 = -4. Suppose k*i - 140 = 30. What is the units digit of i?
4
Suppose -d = -91 - 11. What is the tens digit of d?
0
Suppose 0*z = -3*m + z + 13, -2*z - 2 = 0. Suppose -4*u - 2*g = -14, 0*g - 1 = m*u - g. What is the units digit of u?
1
Suppose 2*o + o = 9. Suppose 25 = 5*s + o*x - 137, -80 = -2*s - 5*x. What is the tens digit of s?
3
Let u be 6/(-15) + 2/5. Suppose 4*q + 2*l = 3*q + 6, u = -2*l + 4. What is the units digit of 1 - 0/q*1?
1
Let s(u) = -7*u - 10. What is the tens digit of s(-7)?
3
Suppose -f + 3*i = -2*f - 5, i + 11 = f. What is the units digit of f?
7
Suppose -2 = -2*s - 0*s. What is the units digit of s/(2/32) - 1?
5
Let h = -3 - -7. Suppose h*c + 5 = 17. What is the units digit of c?
3
Let v(t) = -1. Let n(k) = 3*k - 1. Let b(y) = -n(y) + 3*v(y). Let h(g) = g**2 + 8*g + 9. Let s be h(-6). What is the units digit of b(s)?
7
Suppose 8*l - 2*l = 168. What is the units digit of l?
8
Let u = -17 + 14. Suppose -156 = 4*c - 4*k, 6*k + 44 = -c + 2*k. What is the tens digit of u/9 - c/3?
1
Suppose -2*k + 0 + 6 = 0, k + 97 = 5*i. Suppose -u + 35 = -p + 2*p, 35 = p - 5*u. Suppose 3*a - i = -h, 3*a = -a - 3*h + p. What is the units digit of a?
5
Let t be 22/4 - (-2)/(-4). Suppose -5*c + 51 = -5*k - 9, -t*k = c. What is the tens digit of c?
1
Suppose -7*x + 5*x + 16 = 0. Suppose x*r = 3*r + 130. What is the units digit of r?
6
Suppose 2*q = 5*h + 196, h - 263 = -5*q + 200. What is the units digit of q?
3
Let m = 5 + -2. Suppose 31 = 3*h + 3*s - 4*s, -m*h + 7 = 5*s. What is the units digit of h?
9
Suppose 2*n + 3*g = -6, -3*g - 18 = -n - n. Suppose -n*y = -18 + 3. What is the units digit of y?
5
Let x = 14 + 19. What is the tens digit of x?
3
What is the units digit of (104 - -1 - -3) + -2 + 2?
8
Let f(y) = 5*y + 5. Let c(j) = -j - 1. Let w(x) = -6*c(x) - f(x). Let h be w(4). Suppose a + 3*a + 28 = 3*k, -k - h*a - 16 = 0. What is the units digit of k?
4
What is the units digit of -2 + 5 - (-2 - -1)*0?
3
Let f(q) = -q - 3. Let v be f(-6). Let p be -1 + 6/v + 3. Suppose h = p + 4. What is the units digit of h?
8
Let h be (-12 - -9)*(0 + -1). Suppose -h*a - 38 = -4*a - 4*w, -3*a = -2*w - 58. What is the units digit of a?
2
Suppose 2*u + 0*u + 18 = 0. Let y = u + 6. What is the units digit of -3*2*y/6?
3
What is the tens digit of 3/(-9) - 6489/(-27)?
4
Let z(l) be the third derivative of -l**5/60 - 7*l**4/24 - 5*l**3/6 - l**2. Let q be (-2)/3*(1 + 8). What is the units digit of z(q)?
1
Let j(y) = 5*y**2 - y. Let i be j(1). Suppose -4*l = -5*f + 60, 5*f + i*l = -l + 60. What is the units digit of f?
2
Suppose 3*c = c. Suppose c*v - 2*v = 10. Let q = 6 + v. What is the units digit of q?
1
Suppose -3*g + 93 = 3*n, 7*n - 2*n - 155 = -g. What is the tens digit of n?
3
Let j(s) = s. Suppose -k - 7 = -3*y + 2*y, 12 = 3*y. Let l be j(k). What is the units digit of 8/10 - l/15?
1
Let q = 59 + -1. Let c = q - 34. What is the tens digit of c?
2
Let k = -5 + 6. Let t be k/4 - 175/(-4). Suppose 0 = -i - 3*i + t. What is the units